Suppose g*t - 11480 = 31*t. What is the tens digit of t?
2
Suppose 2*q - 43 = 5*u - 12, -3*u + 5*q - 30 = 0. Let f be (37 + u)/4 + -4. Suppose n - 4*n = -f*z - 242, -3*z + 228 = 3*n. What is the tens digit of n?
7
Suppose -2*q + l + 80263 = 0, -1776*q + 40144 = -1775*q - 3*l. What is the units digit of q?
9
Let c = 79 - -1055. Suppose 0 = -2*f - 12*f + c. Suppose -2*o + 53 = -f. What is the tens digit of o?
6
Let t be 1/(-8) + -9*258/(-144). What is the units digit of ((-575)/(-2))/1 + t/32?
8
Suppose 30676 = 4*c - 4*r, 5*c - r = r + 38360. What is the hundreds digit of c/16 - 93/(-248)?
4
Let o = 719 - -896. Suppose 2*c + o = 5*v, 3*c + 635 = 4*v - 2*v. What is the tens digit of v?
2
What is the tens digit of -2 + 10802 - (-9 - (1 - 19))?
9
Let s = -340 + 334. What is the units digit of (46/s)/((-28)/12 + 2)?
3
Let f(l) = -4*l**3 + 29*l**2 - 4*l - 19. What is the hundreds digit of f(-14)?
6
Let b(p) = 4*p + 21 + 0 + 11 + 22. Let n be b(-11). Suppose 0 = 3*c - 4*k - 19, 0*k = -2*c + 2*k + n. What is the units digit of c?
1
Let z = 70 + 1629. Let s = -716 + z. What is the hundreds digit of s?
9
What is the thousands digit of 36/378 - (-5098635)/189?
6
Suppose 5*k + c = 68, c = 3*k + 7 - 51. Suppose 0 = -4*h - 126 - k. Let s = 5 - h. What is the tens digit of s?
4
Suppose f + 24070 = 3*u, 415*u - 418*u - f + 24056 = 0. What is the tens digit of u?
2
Suppose -13*f - 140 = -9*f. What is the hundreds digit of ((-21)/(-1))/((-75)/f - 2)?
1
Let t(x) = -101*x + 14617. What is the hundreds digit of t(71)?
4
Suppose -4*s - 2*f = 199 - 49, 4*f - 118 = 3*s. Let q = -66 + s. What is the tens digit of 6/(-4)*q/3?
5
Suppose -32*k + 20*k = 720. What is the tens digit of 209 + ((-4)/8)/((-6)/k)?
0
Suppose 4*s - 56 = 4*k - k, 0 = 4*s + k - 56. Suppose -3*q - 5*w + 11 = -1, -s = -q - 5*w. What is the units digit of (-2)/(-6)*(q + -434)*-1?
5
Let f = 1520 + 4962. What is the tens digit of f?
8
Suppose 8 = -4*l, -5*g - 4466 = -5*l + 834. Let n = g + 2240. What is the units digit of n?
8
Let v(d) = -d**3 - d**2 + 12*d. Suppose 38 = -3*q + 143. Let j = q + -40. What is the units digit of v(j)?
0
Let g(k) be the second derivative of 4*k**3 + 37*k**2/2 + 2*k. Let s be g(8). What is the hundreds digit of s/3*6/(-8)*-4?
2
Let d(u) = -u**3 - 20*u**2 + 15*u - 31. Let n = 611 + -634. What is the thousands digit of d(n)?
1
Let t be (-71)/(-3) - 1/(-3). Suppose -p + z + 4*z - t = 0, -2*z + 5 = -5*p. What is the tens digit of 94*p*(4 + -3)?
9
Let n(r) = 4*r**2 - 10*r - 1. Let j be n(6). Suppose -s = 4, -c + 2*s = 6*s + 38. Let a = j - c. What is the units digit of a?
5
Suppose -5*r = -9*r + 212. Let y = -26 + r. Let q = 63 + y. What is the tens digit of q?
9
Let v(m) = -2996*m - 1426. What is the hundreds digit of v(-5)?
5
Let b = -54645 - -89121. What is the hundreds digit of b?
4
Let u = -77 - 9. Let v = 173 + u. What is the units digit of v?
7
Let y = -876 + 877. Let v(z) = 1709*z**3 - 4*z**2 + 4*z + 1. What is the hundreds digit of v(y)?
7
Suppose 2*r = -4*r - 18. Let h be (-62)/((r + 1)*1). Suppose t - h = 17. What is the units digit of t?
8
Let l(w) = -w**3 + 18*w**2 + 40*w + 13. Let d = 41 - 25. What is the units digit of l(d)?
5
Let t(y) = -10*y - 9 + 26*y**2 + 2*y - 27 + 63 + 2. What is the thousands digit of t(-6)?
1
What is the tens digit of 19088 + (-10 - (-3 + -17))?
9
Let z(d) = 2*d**3 + 3*d**2 - 4*d + 5. Let b be z(2). Let m = 22 - b. What is the units digit of 160/2 + 2 + m?
9
Suppose 0 = -2*q + q + 5*d - 8, -4 = -5*q + 3*d. Suppose q*w + w = 672. Suppose 5*g = -5*c + w + 696, 5*g - 3*c = 888. What is the units digit of g?
0
Let s be 325/100 - 1/4. Suppose 5*z + 25 = 0, -s*z = -5*p + 496 + 674. What is the units digit of p?
1
Suppose -h + 21 = 5*c - 4, 0 = 4*h - 3*c - 8. Suppose -h*b - 2725 = -5*l, l = 3*b + 36 + 501. What is the hundreds digit of l?
5
What is the thousands digit of 5/(-15) - (-236227)/57?
4
Let r be 26/7 + 14/49. Let y(t) = 4*t**3 + t**2 - 2*t + 1. Let x be y(1). Suppose x*f - 126 = 5*z, r*f - f + 3*z - 108 = 0. What is the tens digit of f?
3
Let a(w) = -2*w**3 - 106*w**2 - 17*w - 260. What is the units digit of a(-53)?
1
Suppose 21*u + 12*u - 891 = 0. What is the tens digit of (1143/u)/(3/18)?
5
Let v = 3196 - 576. What is the tens digit of v?
2
Suppose 0 = -18*g + 13*g - o + 31387, 5*g = -5*o + 31395. What is the hundreds digit of g?
2
Let q = 114547 - 68614. What is the tens digit of q?
3
Let i(f) = 10*f**2 - 10*f + 7. Let h(m) = -7*m**2 + 7*m - 5. Let a(x) = -7*h(x) - 5*i(x). Let q be a(-1). What is the units digit of 70/12 + q/(-12)?
6
Let h = -36920 + 55565. What is the hundreds digit of h?
6
Suppose -95 = -12*h - 7*h. Suppose h*l = l - 4*w + 44, -4*l + 4*w + 84 = 0. What is the units digit of l?
6
Let i = 4 + -2. Suppose 2*c + 5 = -5*u, -5*c + 3 = -0*c - 3*u. Suppose c = i*z + 59 - 331. What is the hundreds digit of z?
1
Let u(t) = 375*t - 5208. What is the units digit of u(16)?
2
Suppose -13 = -3*n + 2*j, -1 - 2 = -3*n - 3*j. Let u = 40 - -2. Suppose n*r + 66 = 3*t, 4*t + 5*r - u = t. What is the tens digit of t?
1
Suppose -14 = -4*k - b, -7*k + 4*b + 1 = -4*k. Suppose -4*y - 2*r + 135 = -r, k*y + 3*r = 99. What is the tens digit of y?
3
Let n(s) = -66*s - 1405. What is the tens digit of n(-78)?
4
Let t be 2 + 11/(22/8732). Suppose -5463 = -5*g + 3*j, 3*j = 8*g - 4*g - t. What is the units digit of g?
5
Suppose 8829 = 3*v + 3*y, v - 1782 - 1160 = -2*y. What is the units digit of v?
4
What is the thousands digit of (((-35896)/(-12))/(-2))/(1771/297 - 6)?
0
Let c(t) = 7*t - 8*t**2 + 5*t**3 - 13*t**3 + 3*t**3 + 6*t**3 + 9. Let k be c(4). What is the hundreds digit of (-3 + k/(-15))/(6/(-540))?
1
Let u(j) be the second derivative of j**3/6 - 2*j**2 + 4*j. Let a be u(8). Suppose a*k - 38 = 138. What is the units digit of k?
4
Let b be -26*(5/10 - 0). Let l = b - -299. What is the tens digit of l?
8
Let o(k) = 17*k**3 + 6*k - 30 + 15*k**2 - 5*k**3 - 11*k**3. What is the tens digit of o(-14)?
8
Let b be (-5)/(-10)*(-3 - -27)*-2. Let q(d) = d**3 + 27*d**2 + 21*d + 50. What is the hundreds digit of q(b)?
2
Suppose 9*b + 500 = 14*b. Suppose 0 = -z + 3*z - b. What is the tens digit of z?
5
Let i = -5203 - -15907. What is the ten thousands digit of i?
1
What is the hundreds digit of 11642/(-6)*(-7614)/702 - (-4)/(-26)?
0
Let f = 665 - -1216. What is the tens digit of f?
8
Let h = -10317 - -27474. What is the thousands digit of h?
7
Let b(o) = o**2 - 12*o - 40. Let s be b(15). Suppose 340 = s*n - 970. What is the tens digit of n?
6
Suppose 26*p + 27 = 313. Suppose 7*v - p - 1900 = 0. What is the hundreds digit of v?
2
Suppose 40637 = 26*s - 63909. Suppose 10*o + 771 = s. What is the units digit of o?
5
Suppose 2*d - 1404 = 2*a, 0 = -17*a + 13*a + 3*d - 2805. Let m = a - -1004. What is the tens digit of m?
0
Suppose -27*o + 211 + 32 = 0. What is the tens digit of (o/(-12))/(-4 + 30138/7536)?
4
Suppose 35*o - 4931 = 34*o + 5*j, 3*o = -3*j + 14865. What is the tens digit of o?
5
Let m(i) = -847*i - 948. What is the hundreds digit of m(-15)?
7
Suppose 2*y + g = 1504 + 19549, 4*y = g + 42085. What is the tens digit of y?
2
Suppose 0 = 24*b - 19*b + 3*w - 17555, 7022 = 2*b + 5*w. Suppose 3*c - 9 = 0, -8*s - 3*c = -12*s + b. What is the units digit of s?
0
Let n = -38 + 42. Suppose q - 12 = -5*q. Suppose -141 = -3*g - 5*v, q*v - 174 = -n*g - 0*g. What is the units digit of g?
2
Let l = 5309 - 2644. What is the tens digit of l?
6
Suppose 0 = 7*a - 2271 + 101. Let g = a - 82. What is the tens digit of g?
2
Let s(r) = r**2 + 14*r - 17. Let c be s(-16). Suppose 4*y + y + c = 0. What is the units digit of y - -4 - (2 + 1) - -5?
3
Suppose 5*f - 18505 = -5*p, -164*p - 7408 = -166*p + 4*f. What is the tens digit of p?
0
Let h = -189 + 673. Let z = h + -477. What is the units digit of z?
7
Suppose 12 = -w + 3*m - 3, -6 = -2*w - 3*m. Let x be 1/(5/(-5)) - w. Suppose 2*b - 4*b = -4*s - 40, 0 = x*b + 3*s - 54. What is the tens digit of b?
2
Let l = -11433 - -18663. What is the tens digit of l?
3
Suppose -14 = -5*c - 2*g + 4, 0 = -2*g - 2. Suppose -c*u = -4*n - n - 477, -261 = -2*u - 5*n. What is the hundreds digit of u?
1
What is the tens digit of 51*((-1195)/(-3) + 4 + -6)?
1
Suppose -1529*w = -1532*w + 14988. What is the tens digit of w?
9
Suppose -4*a = -2*i